. Let z = f - 233. Let y = z - 109. Calculate the greatest common divisor of 12 and y.
12
Suppose 466 = 5*t - 329. Let i = t - 79. Calculate the highest common divisor of i and 10.
10
Suppose -2 = 6*n - 4*n. Let l be (-80)/(n*(-6)/(-15)). Suppose -l = -2*h - 0*h. What is the highest common factor of 20 and h?
20
Let o(r) = -2*r**3 + 4*r + 532. Let a be o(0). What is the greatest common divisor of a and 152?
76
Let p(k) = -42*k - 147. Let l be p(-4). What is the greatest common divisor of l and 49?
7
Let f = -5 - -26. What is the highest common divisor of 24 and f?
3
Let o(i) = -2*i**2 + 6. Let b be o(3). Suppose 0 = -4*k - 4, -5 = -t + 5*k + 1. Let p be t/((-4)/b - 0). Calculate the greatest common factor of 27 and p.
3
Let f = 881 - 694. Calculate the greatest common divisor of 17 and f.
17
Suppose 601 = w + 5*u - 8*u, 0 = -3*w - 4*u + 1764. What is the highest common divisor of 32 and w?
16
Suppose -147 - 77 = -4*f. What is the greatest common divisor of f and 126?
14
Suppose 3*c + 1 - 7 = 0. Suppose 2*l + l - 75 = 0. Let w = l - 7. What is the highest common divisor of w and c?
2
Suppose 0 = -280*u + 290*u - 170. Calculate the highest common factor of 153 and u.
17
Let b be 837/9 + -4 + 7 + 5. Calculate the highest common factor of 2 and b.
1
Let n = 44 + -44. Suppose n = -4*b + w + 3*w + 20, -3*w - 25 = -5*b. What is the highest common factor of 25 and b?
5
Let i(q) = 61*q + 732. Let w be i(13). Calculate the greatest common factor of w and 61.
61
Let y = 15 + 0. Let h = -246 - -486. Let s = h - 75. Calculate the greatest common factor of s and y.
15
Let x(c) = -26*c - 351. Let q be x(-14). Calculate the highest common factor of 520 and q.
13
Let s = 17 - 12. Suppose -4*j = j - s, -4*j - 4 = -2*t. Suppose -t*v - d + 6 = -37, 0 = -2*d + 6. Calculate the greatest common divisor of v and 20.
10
Let l be (-2)/(4/10)*-5. Suppose 0 = -2*h - 5*o + 51, h + 2*o + o = l. What is the greatest common divisor of h and 7?
7
Suppose -3*l - 8 = 4*p, -3*p + 5*l + 1 + 22 = 0. Let o be p/4 - (-3350)/40. Calculate the highest common factor of o and 56.
28
Suppose 0 = -3*l - 2*y + 119, -3*y - 75 = 2*l - 4*l. Suppose 0*x - 4*x + 780 = 0. What is the highest common divisor of l and x?
39
Let z be (5742/(-264))/(3/(-64)). Calculate the highest common factor of 174 and z.
58
Let w be (21 - -2)*(-4)/(-4). Suppose -4*a - 136 = -964. Calculate the highest common factor of w and a.
23
Let g(k) = -k**2 - 10*k + 9. Let n be g(-9). Let b be (-6)/n - 4/(-3). Calculate the highest common factor of b and 7.
1
Suppose 0 = 359*h - 355*h - 36. What is the highest common divisor of 33 and h?
3
Let i(l) = -2*l**3 - 4*l**2 + 5*l - 2. Let r be i(-4). Let k = -255 - -261. What is the greatest common divisor of r and k?
6
Let l(o) = 51*o - 13. Let s be l(3). What is the greatest common factor of s and 84?
28
Suppose -4*i = -r + 337, r - 171 = -4*i + 142. Suppose -2*h = r + 111. Let l = -134 - h. Calculate the greatest common divisor of l and 12.
12
Suppose -146*f - 3*s + 331 = -141*f, -210 = -3*f + 2*s. Calculate the highest common divisor of 204 and f.
68
Let w = 85 + -36. Let g = -36 + w. Calculate the greatest common factor of 117 and g.
13
Let y(z) = -z + 1. Let c(h) = 32*h - 4. Let u(o) = -c(o) - 5*y(o). Let x be u(-1). Calculate the greatest common divisor of x and 52.
26
Suppose 126 = 4*u - z - 39, -4*u + 5*z = -153. Suppose -4*l - 96 = -4*b, 0 = 3*b + 2*l + 3*l - 48. Calculate the highest common divisor of u and b.
21
Let w = 348 - 343. Let n = 17 + -11. Let u(i) = 2*i**2 - 2*i - 5. Let f be u(n). What is the highest common factor of f and w?
5
Let c(w) = -w**3 - 3*w**2 - 4*w - 3. Let h be c(-2). Let a = -64 + 140. Let f = a + -75. What is the greatest common factor of h and f?
1
Suppose -f - 2*t - 66 = -0*f, -4*f + 5*t - 290 = 0. Let v be (f/(-8))/(-5)*-4. Calculate the highest common divisor of v and 14.
7
Let f(m) = -m**2 - 8*m + 8. Let s be f(-10). Let a(o) = -o**2 - 18*o - 12. Let t be a(s). What is the highest common divisor of 30 and t?
30
Suppose -6 = 11*c - 8*c. Let v be c*3/(-27) - (-428)/18. What is the greatest common divisor of v and 264?
24
Suppose v + 3*h = 14, -2*h - 3 - 11 = -4*v. Suppose 0 = -v*r + 7*r - 8. Suppose r*b + 0*b = 52. What is the greatest common divisor of b and 39?
13
Let n be (-152)/(-26) + 10/65. Let v be -1*(n*2)/(-3). Suppose k = v*k - 162. Calculate the greatest common divisor of 36 and k.
18
Let w = -13 + 10. Let t be 39/(w + 1 + 3). Suppose 5 - t = -2*z. Calculate the greatest common factor of 17 and z.
17
Suppose 4*s - 397 = -5*r - 229, -3*r + 117 = -3*s. Let m(w) = -2*w. Let i be m(-6). Calculate the greatest common factor of r and i.
12
Let r be (-63)/(-14)*2*1. Suppose -6*b + 4*y - 88 = -r*b, -y - 2 = 0. What is the highest common divisor of 4 and b?
4
Let h be (-2)/(-8) + ((-94920)/(-32))/15. Let v = h - 102. What is the highest common factor of v and 32?
32
Suppose 0 = -a - 13 + 106. Let y = -51 + a. Let m = y + -28. What is the highest common factor of 21 and m?
7
Let z be (2/(-7))/((-14 - -16)/(-28)). Let t be 1 - 2 - 10/(-2). Calculate the greatest common divisor of z and t.
4
Suppose -h + 37 = -4*d, -h + 6*h = -5*d - 15. Let b = 14 + d. Let v be 8/10 - (-3364)/145. What is the highest common factor of v and b?
6
Suppose 4*i + 10 = 5*y, 4*i - 4 + 18 = 3*y. Let b be y/5*5/5*-10. What is the highest common factor of 16 and b?
4
Suppose 3*i = -4*l + 1013 - 51, -5*i - 2*l = -1608. Calculate the greatest common divisor of i and 14.
14
Let s(w) = 56*w**3 + 0*w - 5*w**2 - 4*w - w - 55*w**3 - 4. Let g be s(6). What is the highest common divisor of g and 18?
2
Let h(d) = d**2 - 3*d - 5. Let t be h(-4). Let k(n) = n**2 - 5*n + 253. Let b be k(0). Calculate the greatest common divisor of b and t.
23
Let l be (1 - (-49 + 0)) + -69 + 71. What is the highest common divisor of 676 and l?
52
Let m be 2 - (-12 - (0 - 3)). Let f(c) = m - 2*c + 0*c + 0*c + 5. Let b be f(0). What is the highest common factor of b and 4?
4
Let o(l) = -l**3 + 7*l**2 - 5*l + 4. Let n be o(4). Suppose 0 = 12*a - 99 - 9. Suppose 996 = a*m - 1020. What is the highest common factor of m and n?
32
Let j(l) = -5*l - 17. Let d be j(-6). What is the highest common factor of d and 143?
13
Suppose l - 1 = 3. Suppose -l*d = -d - 63. Calculate the highest common divisor of d and 7.
7
Let k = 2249 + -1032. Suppose 7*n - 113 - k = 0. What is the greatest common factor of n and 38?
38
Suppose -3*g = -118 + 34. What is the highest common factor of g and 84?
28
Let d(m) = -m**2 - 2*m + 55. Let b be d(0). Suppose 4*a + a = b. Calculate the highest common factor of 77 and a.
11
Let i = -521 + 535. Let j(b) = -b**3 + b**2 - b. Let t be j(0). Suppose 0*o - o + 7 = t. What is the highest common factor of i and o?
7
Let q be (-3)/((-21)/166) - (-2)/7. Let t be -135*2*-1*4/q. Let h = 18 + -13. Calculate the highest common divisor of h and t.
5
Suppose 492 + 267 = 33*f. Calculate the highest common divisor of 1127 and f.
23
Let i(y) = 25*y + 2. Let v be (3/6)/(2/4). Let l be i(v). Calculate the highest common factor of 3 and l.
3
Let n be (15/(-9))/((-1)/(-3)). Let z be (-426)/(-2) + n/1. What is the highest common divisor of z and 13?
13
Suppose -102*s + 72*s = -660. Let q = -6 + 8. Suppose q*m + 2*m = 44. What is the greatest common divisor of s and m?
11
Let t(m) = 40*m + 9. Let d be t(5). What is the greatest common factor of 19 and d?
19
Let i be (-10)/6 + 1295/21. Calculate the highest common divisor of i and 345.
15
Suppose -5*k = -u + 107, 5*u - 2*k - 211 - 301 = 0. Suppose -4*h - 510 = -2*n + h, 3*n - 3*h - 765 = 0. What is the highest common divisor of n and u?
51
Let n be 1 + 7 + 6/(-3). Let z be (-1 - 2) + (n - 1). Suppose 0 = 3*p - 9, 3*p = -z*g - 0*g + 33. What is the greatest common factor of g and 60?
12
Suppose 0 = 2*s - 2*i - 10, -i - 1 = s + i. Suppose -s*d = d - 20. Suppose -5*b + d = -5*n, 2 + 7 = 3*n. What is the highest common divisor of 36 and b?
4
Suppose -5*a - 1 + 21 = 0. Suppose a*o + 5*f = -16 + 71, -2*f = 10. What is the greatest common factor of 30 and o?
10
Let l = 47 + -42. Suppose -2*z - l*z = -7. Calculate the greatest common factor of 3 and z.
1
Suppose 192 + 36 = 19*c. What is the highest common divisor of 276 and c?
12
Let d = -160 - -299. Let l = d